osite number?
True
Is 60499 a prime number?
False
Is 88224145 a prime number?
False
Is 3997634 composite?
True
Is 10592341 a prime number?
True
Is 161512115 composite?
True
Is 19234987 prime?
True
Is 36650179 prime?
True
Is 16021609 a composite number?
False
Is 168062423 prime?
True
Is 758401 prime?
False
Is 4903289 a prime number?
True
Is 4752977 composite?
False
Is 17146891 a composite number?
True
Is 118486877 a composite number?
True
Is 8883971 a composite number?
False
Is 358839851 a composite number?
True
Is 58738081 prime?
True
Is 25480947 a composite number?
True
Is 39629419 prime?
True
Is 4448641 a prime number?
False
Is 8035991 a composite number?
False
Is 1525213 a prime number?
False
Is 21733519 a prime number?
False
Is 1739113 prime?
False
Is 21199063 prime?
True
Is 89522777 composite?
True
Is 2484233 composite?
False
Is 118727809 a composite number?
False
Is 124103251 prime?
False
Is 261505217 a composite number?
True
Is 89142533 composite?
True
Is 2348141 a composite number?
True
Is 19857289 prime?
False
Is 738632471 composite?
False
Is 286902643 a prime number?
False
Is 7864645 a composite number?
True
Is 68382437 composite?
False
Is 21051619 a prime number?
False
Is 57286469 a prime number?
True
Is 29646107 prime?
True
Is 301262323 a prime number?
False
Is 8895451 a composite number?
False
Is 2074193 a composite number?
True
Is 404839 a composite number?
True
Is 53058589 prime?
True
Is 137155981 a prime number?
True
Is 10954481 composite?
False
Is 89753 composite?
False
Is 8337401 a prime number?
False
Is 133302634 composite?
True
Is 7178111 prime?
False
Is 227789 a prime number?
True
Is 6094337 prime?
True
Is 120029267 composite?
False
Is 32604083 prime?
False
Is 2946857 prime?
False
Is 79217533 prime?
True
Is 145778546 composite?
True
Is 6872365 composite?
True
Is 514798309 composite?
False
Is 166486907 prime?
True
Is 2469163 a prime number?
False
Is 7571537 a composite number?
False
Is 9657583 a composite number?
True
Is 4273343 composite?
False
Is 89293 a prime number?
True
Is 93593 composite?
True
Is 76183969 a prime number?
True
Is 19358861 composite?
False
Is 4108018 a composite number?
True
Is 4180723 a prime number?
True
Is 80020433 prime?
False
Is 11351387 a prime number?
False
Is 38717999 prime?
False
Is 86024363 a composite number?
False
Is 64301309 composite?
False
Is 39004601 a composite number?
False
Is 1780621 a prime number?
False
Is 1165481 a composite number?
True
Is 17943037 composite?
True
Is 22189 composite?
False
Is 11531203 composite?
False
Is 1295369 a prime number?
True
Is 2780683 a composite number?
False
Is 5582362 a prime number?
False
Is 2237191 composite?
True
Is 3794873 composite?
True
Is 265957 prime?
True
Is 19823323 prime?
False
Is 1996363 composite?
False
Is 72789191 prime?
True
Is 34558547 a prime number?
True
Is 19433177 prime?
False
Is 572289457 composite?
False
Is 32734651 a composite number?
False
Is 235408307 prime?
False
Is 1628551 prime?
True
Is 3820151 prime?
False
Is 2138183 composite?
True
Is 10797313 a prime number?
False
Is 6966643 a composite number?
False
Is 18146893 composite?
True
Is 173279363 a prime number?
True
Is 1076237 a prime number?
True
Is 228592717 composite?
False
Is 4015519 a prime number?
False
Is 5517823 composite?
False
Is 1755361 a composite number?
True
Is 38677211 composite?
False
Is 749641 a composite number?
False
Is 10316597 prime?
True
Is 22334927 a prime number?
True
Is 11144303 a composite number?
False
Is 1098905743 composite?
True
Is 19626557 a composite number?
True
Is 5010133 prime?
False
Is 592271 a composite number?
True
Is 1015379 a composite number?
True
Is 109862359 a composite number?
True
Is 958725793 prime?
True
Is 82144967 a prime number?
False
Is 219740065 a prime number?
False
Is 14260783 a prime number?
True
Is 7733647 prime?
True
Is 69975781 composite?
True
Is 43837799 composite?
False
Is 148073 a composite number?
False
Is 298431535 prime?
False
Is 7152051 a prime number?
False
Is 293219 composite?
True
Is 11064931 composite?
True
Is 13110659 a composite number?
True
Is 138114329 a prime number?
True
Is 34699559 prime?
False
Is 891797 a composite number?
False
Is 39769163 composite?
True
Is 271637329 a composite number?
False
Is 94978171 prime?
True
Is 55971298 a prime number?
False
Is 600022077 prime?
False
Is 2740187 composite?
False
Is 331921 composite?
False
Is 23653261 a prime number?
False
Is 228281 prime?
True
Is 1987303 a prime number?
True
Is 155831279 composite?
True
Is 24194021 composite?
True
Is 6966633 a prime number?
False
Is 27893527 a prime number?
True
Is 55124309 a prime number?
True
Is 3064531 a prime number?
True
Is 1342139 prime?
True
Is 44321687 a prime number?
True
Is 1199809057 composite?
True
Is 1893911 a prime number?
True
Is 19685569 a prime number?
True
Is 8934379 a prime number?
False
Is 385530107 a composite number?
False
Is 3745649 composite?
False
Is 14827783 prime?
True
Is 5756189 composite?
False
Is 417764041 composite?
False
Is 103632739 a composite number?
True
Is 1079957 prime?
True
Is 4141439 a composite number?
False
Is 214520359 a prime number?
True
Is 283603121 composite?
False
Is 157079905 composite?
True
Is 177865 a composite number?
True
Is 13196174 a prime number?
False
Is 12184447 a composite number?
True
Is 191360177 prime?
False
Is 14561021 a prime number?
False
Is 3106487 a prime number?
True
Is 105447211 prime?
False
Is 13521401 a composite number?
True
Is 36468181 prime?
True
Is 39237179 composite?
True
Is 2683183 a prime number?
False
Is 2919199 a composite number?
False
Is 27022189 a prime number?
False
Is 1853857 composite?
False
Is 10358461 prime?
True
Is 41657711 a composite number?
False
Is 5614781 a composite number?
False
Is 969977 a composite number?
False
Is 3172189 prime?
True
Is 20717947 a composite number?
False
Is 32143913 composite?
True
Is 374395327 a prime number?
False
Is 11938241 a prime number?
False
Is 8410079 prime?
True
Is 165449717 composite?
False
Is 37172559 a prime number?
False
Is 14951 a composite number?
False
Is 66942773 composite?
False
Is 3844213 a prime number?
False
Is 28062629 a prime number?
False
Is 895289 a prime number?
False
Is 2986547 a composite number?
False
Is 115609193 prime?
False
Is 2263307 prime?
True
Is 8146747 a composite number?
True
Is 1162493 a prime number?
True
Is 2362703 a prime number?
False
Is 1842758 composite?
True
Is 101304919 composite?
True
Is 490617683 composite?
False
Is 4635643 composite?
True
Is 19580581 prime?
True
Is 523555 a composite number?
True
Is 260744369 composite?
True
Is 13983083 composite?
False
Is 10250711 a prime number?
False
Is 1273662265 composite?
True
Is 29906867 composite?
False
Is 47443009 prime?
False
Is 180183923 composite?
True
Is 4908707 a composite number?
True
Is 4358195 prime?
False
Is 2989799 prime?
True
Is 317735633 a composite number?
True
Is 21335091 a composite number?
True
Is 5419703 composite?
False
Is 13841599 prime?
True
Is 232825057 a prime number?
False
Is 7401677 prime?
True
Is 3591859 prime?
False
Is 238871 a prime number?
False
Is 667453883 composite?
True
Is 189127 a composite number?
False
Is 2924893 prime?
True
Is 59332913 a composite number?
True
Is 3150959 composite?
True
Is 1273973 composite?
True
Is 40801403 a composite number?
True
Is 7530299 prime?
False
Is 72883087 composite?
False
Is 30404567 composite?
False
Is 3813346 prime?
False
Is 4521415 a prime number?
False
Is 1043311 a composite number?
False
Is 3772347547 composite?
False
Is 63868163 prime?
False
Is 44193353 a composite number?
True
Is 1054553 a composite number?
True
Is 6161179 a prime number?
True
Is 16204999 a composite number?
True
Is 196909621 prime?
True
Is 45586351 prime?
True
Is 3800621 prime?
False
Is 16247783 composite?
True
Is 32702123 a prime number?
True
Is 4188187 composite?
False
Is 7926769 composite?
True
Is 39803815 composite?
True
Is 25459867 composite?
True
Is 1141597 a composite number?
False
Is 1965109 composite?
False
Is 23059555 prime?
False
Is 124465227 prime?
False
Is 35240971 prime?
False
Is 32087059 composite?
True
Is 235363 composite?
True
Is 268553 a prime number?
False
Is 34364723 a prime number?
False
Is 1405421 a composite number?
False
Is 137153683 a composite number?